 of 1343.
17, 79
What are the prime factors of 2930?
2, 5, 293
List the prime factors of 27678.
2, 3, 7, 659
What are the prime factors of 702?
2, 3, 13
What are the prime factors of 9606?
2, 3, 1601
What are the prime factors of 5967?
3, 13, 17
What are the prime factors of 42045?
3, 5, 2803
List the prime factors of 136552.
2, 13, 101
List the prime factors of 1288.
2, 7, 23
List the prime factors of 110854.
2, 43, 1289
What are the prime factors of 57780?
2, 3, 5, 107
What are the prime factors of 5018?
2, 13, 193
What are the prime factors of 36480?
2, 3, 5, 19
List the prime factors of 18687.
3, 6229
What are the prime factors of 330?
2, 3, 5, 11
List the prime factors of 9382.
2, 4691
What are the prime factors of 71061?
3, 23687
What are the prime factors of 39394?
2, 19697
What are the prime factors of 2970?
2, 3, 5, 11
What are the prime factors of 2671?
2671
What are the prime factors of 13057?
11, 1187
List the prime factors of 403.
13, 31
List the prime factors of 276.
2, 3, 23
List the prime factors of 1047.
3, 349
What are the prime factors of 21055?
5, 4211
What are the prime factors of 26628?
2, 3, 7, 317
What are the prime factors of 39992?
2, 4999
List the prime factors of 1159.
19, 61
List the prime factors of 940.
2, 5, 47
List the prime factors of 41630.
2, 5, 23, 181
What are the prime factors of 78278?
2, 39139
List the prime factors of 3028.
2, 757
List the prime factors of 145.
5, 29
What are the prime factors of 8499?
3, 2833
What are the prime factors of 8360?
2, 5, 11, 19
List the prime factors of 100776.
2, 3, 13, 17, 19
What are the prime factors of 69361?
139, 499
List the prime factors of 2292.
2, 3, 191
List the prime factors of 1655.
5, 331
List the prime factors of 11736.
2, 3, 163
What are the prime factors of 1587?
3, 23
What are the prime factors of 10909?
10909
What are the prime factors of 10725?
3, 5, 11, 13
What are the prime factors of 2319?
3, 773
List the prime factors of 90225.
3, 5, 401
List the prime factors of 6071.
13, 467
What are the prime factors of 1573?
11, 13
List the prime factors of 7580.
2, 5, 379
List the prime factors of 10056.
2, 3, 419
List the prime factors of 27593.
41, 673
List the prime factors of 74939.
137, 547
List the prime factors of 40334.
2, 7, 43, 67
What are the prime factors of 5326?
2, 2663
List the prime factors of 6546.
2, 3, 1091
What are the prime factors of 954?
2, 3, 53
List the prime factors of 48462.
2, 3, 41, 197
What are the prime factors of 32607?
3, 3623
What are the prime factors of 74489?
74489
What are the prime factors of 14936?
2, 1867
What are the prime factors of 37516?
2, 83, 113
What are the prime factors of 1951?
1951
List the prime factors of 12949.
23, 563
List the prime factors of 747.
3, 83
What are the prime factors of 35283?
3, 19, 619
List the prime factors of 1652.
2, 7, 59
What are the prime factors of 15376?
2, 31
List the prime factors of 21774.
2, 3, 19, 191
List the prime factors of 318.
2, 3, 53
List the prime factors of 7943.
13, 47
List the prime factors of 2884.
2, 7, 103
List the prime factors of 9094.
2, 4547
What are the prime factors of 1155?
3, 5, 7, 11
What are the prime factors of 784?
2, 7
What are the prime factors of 242?
2, 11
List the prime factors of 10382.
2, 29, 179
What are the prime factors of 3926?
2, 13, 151
What are the prime factors of 73373?
239, 307
List the prime factors of 14429.
47, 307
List the prime factors of 4712.
2, 19, 31
What are the prime factors of 3330?
2, 3, 5, 37
List the prime factors of 102067.
7, 2083
What are the prime factors of 7617?
3, 2539
List the prime factors of 2280.
2, 3, 5, 19
List the prime factors of 1209.
3, 13, 31
What are the prime factors of 66802?
2, 127, 263
What are the prime factors of 5591?
5591
What are the prime factors of 3653?
13, 281
What are the prime factors of 67777?
67777
List the prime factors of 22607.
13, 37, 47
What are the prime factors of 12130?
2, 5, 1213
What are the prime factors of 3652?
2, 11, 83
List the prime factors of 894.
2, 3, 149
What are the prime factors of 15611?
67, 233
List the prime factors of 32786.
2, 13, 97
List the prime factors of 7951.
7951
What are the prime factors of 1320?
2, 3, 5, 11
List the prime factors of 78676.
2, 13, 17, 89
List the prime factors of 16028.
2, 4007
What are the prime factors of 52171?
7, 29, 257
What are the prime factors of 5782?
2, 7, 59
List the prime factors of 2729.
2729
List the prime factors of 174.
2, 3, 29
List the prime factors of 22453.
22453
What are the prime factors of 196?
2, 7
List the prime factors of 10419.
3, 23, 151
What are the prime factors of 539?
7, 11
List the prime factors of 5149.
19, 271
List the prime factors of 9746.
2, 11, 443
What are the prime factors of 1156?
2, 17
List the prime factors of 10786.
2, 5393
List the prime factors of 85321.
41, 2081
List the prime factors of 1348.
2, 337
List the prime factors of 747.
3, 83
What are the prime factors of 72857?
41, 1777
What are the prime factors of 4200?
2, 3, 5, 7
What are the prime factors of 1141?
7, 163
What are the prime factors of 81639?
3, 47, 193
What are the prime factors of 1217?
1217
What are the prime factors of 26722?
2, 31, 431
What are the prime factors of 4127?
4127
What are the prime factors of 801?
3, 89
What are the prime factors of 42362?
2, 59, 359
List the prime factors of 4522.
2, 7, 17, 19
What are the prime factors of 9683?
23, 421
What are the prime factors of 22591?
19, 29, 41
What are the prime factors of 427?
7, 61
List the prime factors of 1739.
37, 47
What are the prime factors of 286?
2, 11, 13
What are the prime factors of 2942?
2, 1471
What are the prime factors of 1320?
2, 3, 5, 11
List the prime factors of 356.
2, 89
List the prime factors of 1475.
5, 59
What are the prime factors of 15833?
71, 223
What are the prime factors of 83517?
3, 7, 41, 97
What are the prime factors of 2605?
5, 521
List the prime factors of 1763.
41, 43
What are the prime factors of 16996?
2, 7, 607
List the prime factors of 4228.
2, 7, 151
What are the prime factors of 3037?
3037
What are the prime factors of 12048?
2, 3, 251
What are the prime factors of 46023?
3, 23, 29
What are the prime factors of 1874?
2, 937
What are the prime factors of 251?
251
What are the prime factors of 15205?
5, 3041
List the prime factors of 7416.
2, 3, 103
What are the prime factors of 119532?
2, 3, 7, 1423
What are the prime factors of 11536?
2, 7, 103
List the prime factors of 54096.
2, 3, 7, 23
What are the prime factors of 1710?
2, 3, 5, 19
What are the prime factors of 201344?
2, 11, 13
List the prime factors of 16199.
97, 167
List the prime factors of 1155.
3, 5, 7, 11
List the prime factors of 119040.
2, 3, 5, 31
What are the prime factors of 19410?
2, 3, 5, 647
What are the prime factors of 1253?
7, 179
List the prime factors of 3422.
2, 29, 59
What are the prime factors of 35636?
2, 59, 151
List the prime factors of 4692.
2, 3, 17, 23
What are the prime factors of 40644?
2, 3, 1129
List the prime factors of 3119.
3119
What are the prime factors of 1428?
2, 3, 7, 17
List the prime factors of 113164.
2, 19, 1489
List the prime factors of 105164.
2, 61, 431
What are the prime factors of 5038?
2, 11, 229
What are the prime factors of 3672?
2, 3, 17
What are the prime factors of 33872?
2, 29, 73
List the prime factors of 10136.
2, 7, 181
What are the prime factors of 1522?
2, 761
What are the prime factors of 585?
3, 5, 13
What are the prime factors of 95419?
95419
List the prime factors of 48797.
7, 6971
List the prime factors of 41552.
2, 7, 53
List the prime factors of 20268.
2, 3, 563
List the prime factors of 6487.
13, 499
What are the prime factors of 229?
229
What are the prime factors of 3269?
7, 467
What are the prime factors of 5180?
2, 5, 7, 37
List the prime factors of 3171.
3, 7, 151
What are the prime factors of 795?
3, 5, 53
List the prime factors of 62914.
2, 83, 379
List the prime factors of 1167.
3, 389
List the prime factors of 15214.
2, 7607
What are the prime factors of 139251?
3, 7, 19, 349
List the prime factors of 29097.
3, 53, 61
List the prime factors of 7489.
7489
What are the prime factors of 76756?
2, 31, 619
What are the prime factors of 25466?
2, 7, 17, 107
List the prime factors of 23776.
2